 10 - 42 = y. Let j be ((-20)/(-6))/(2/6). What is the greatest common divisor of m and j?
10
Let w(l) = 10*l**3 + 12*l**2 + 6*l + 13. Let z be w(-8). Let o = z - -7104. Let k be (-1)/(-3) - o/(-39). Calculate the greatest common divisor of k and 14.
14
Let j be (49/(-98))/(1/2*-1). Let o = 3 + -2. Let i be 0 - (j*-21)/o. What is the highest common divisor of i and 14?
7
Let f = 292 - 232. What is the highest common factor of f and 75?
15
Suppose f - 6*f + 634 = l, f - 1 = 0. What is the greatest common factor of l and 51?
17
Let u(b) = b + 34. Let a be u(-4). What is the highest common divisor of 6 and a?
6
Suppose 19*k - 21032 + 550 = 0. Calculate the greatest common factor of 22 and k.
22
Let o be 4 + (-1000)/(40/(-4)). What is the highest common divisor of 65 and o?
13
Let s(p) = -p + 5. Let o be s(-6). Let a = 59 + o. Calculate the greatest common divisor of a and 14.
14
Let k = 1 + 3. Suppose -81*q + 3465 + 747 = 0. Let c = q - k. Calculate the highest common divisor of 6 and c.
6
Let w(k) = -k**3 + 9*k**2 - 10*k + 86. Let o be w(8). What is the highest common factor of o and 28?
14
Let i be 0 - ((-21)/(-14))/(3/(-88)). What is the greatest common factor of 12 and i?
4
Suppose l - 26 = -l + v, 0 = -5*l + v + 62. Let d be 31/((-20)/l - -2). Let g(c) = -c**3 - 2. Let o be g(-4). Calculate the highest common divisor of o and d.
31
Suppose -23*q + 2916 + 1960 = 0. Calculate the highest common factor of q and 1378.
106
Suppose 10*g + 2 = 52. Let w(b) = 14*b + 20. Let r be w(g). Calculate the highest common factor of r and 30.
30
Let k(y) = -14*y - 21. Let w be (-4 - (-1 + 5)) + 3. Let j be k(w). What is the highest common divisor of 7 and j?
7
Let r = -1348 + 1365. What is the highest common divisor of r and 1411?
17
Let x be 132/34 - (5 + (-783)/153). What is the greatest common factor of x and 92?
4
Let o be 908/(-1589) + 330/14. Suppose 2*n = 5*n - 207. What is the greatest common factor of o and n?
23
Suppose -4*w - 25 = -9*w. Suppose 3*t = 6*t - 5*c - 26, w*c = -2*t - 16. Calculate the greatest common divisor of 3 and t.
1
Suppose 0*m + 1050 = 5*w + 5*m, 2*w - 413 = 5*m. Let d = 191 + -172. What is the highest common factor of w and d?
19
Let z(l) = -54*l**3 + 3*l**2 + 4*l + 2. Let p be z(-1). What is the greatest common factor of p and 22?
11
Let a be -5*(42/(-3 - -4))/(-5). Calculate the greatest common divisor of a and 186.
6
Suppose -a + 10 - 6 = 2*b, -a = 4*b - 12. Suppose -3*r + 0*o = -b*o - 64, 3*o + 43 = 2*r. What is the highest common divisor of 30 and r?
10
Let b(k) = -12*k - 1. Let p be b(6). Let m be 4/((-8)/(-4)) - p. Let f = -42 + m. What is the greatest common factor of 11 and f?
11
Let s(l) = 2*l - 1. Suppose 18 = 4*f + 3*w, -2*f - w + 8 = -0. Let m be s(f). Suppose m*x - 256 = x. Calculate the highest common divisor of 16 and x.
16
Let n be 19 + ((-6)/30 - (-22)/10). Let x be 1 + 1/(1/1378). Let h be x/n - (-2)/6. Calculate the highest common divisor of h and 6.
6
Let n(a) = -a + 2. Let h be n(-2). Calculate the highest common factor of 108 and h.
4
Suppose -2*b = 31 + 5. Let q = 135 + b. Calculate the highest common factor of 9 and q.
9
Let g = 565 - 348. Calculate the greatest common divisor of 21 and g.
7
Let f(c) = 66 - 178 + 10*c + 87. Let g be f(12). What is the highest common divisor of g and 38?
19
Let v(a) = -4*a - 11 + 12*a - 7*a. Let p be v(15). Calculate the highest common factor of p and 32.
4
Let k = 100 - 26. Suppose 2*t = 9*t + 707. Let i = k - t. Calculate the highest common factor of i and 25.
25
Suppose -9*n - 11*n + 1840 = 0. Calculate the greatest common divisor of 138 and n.
46
Let f be 95/4 - 2/(-8). Let h(a) = 15*a - a**3 + 18 + 277*a**2 - 140*a**2 - 144*a**2. Let v be h(-10). Calculate the highest common factor of f and v.
24
Suppose -c = -3*f - 6, -2*c - 3*f - 30 = c. Let s be (2/3)/(4/c)*-44. What is the highest common factor of 33 and s?
11
Suppose 5*o - 5*b = 715, 2*b - 3 = 5*b. Let i be (-1 + 5)*o/2. Suppose -2*u + i = 4. What is the greatest common divisor of 14 and u?
14
Suppose -7*o + 14*o = 91. Let k be 2/3*39/2. What is the highest common factor of o and k?
13
Suppose -2*i + 81 = 3*y, -2*i - 135 = -y - 4*y. Suppose 3*z - 486 = -5*h, 6*h = -4*z + 3*h + 648. What is the highest common factor of y and z?
27
Let k = 10 - 2. Suppose 10*g = -4*g - 882. Let r be (-19)/(-2) - g/(-42). Calculate the highest common divisor of k and r.
8
Suppose -y = 4*x - 235, 4*y = -9*x + 7*x + 128. Calculate the highest common divisor of x and 261.
29
Let m = -178 + 310. Let v(k) = 2*k**2 - 15*k - 15. Let n be v(9). What is the highest common factor of n and m?
12
Let m be (-1*(2 - 1))/(-1). Let x = -845 + 882. Let j = x - m. What is the greatest common divisor of 54 and j?
18
Let t(c) = -11*c + 21. Let n be t(0). Let y be (1 + 1)/(8/356). Let i = 16 + y. What is the greatest common factor of n and i?
21
Suppose -13*w - 2*w = -210. Let g = 6 + 0. Suppose -g*c + 3*n + 236 = -2*c, -c = -n - 60. What is the highest common divisor of w and c?
14
Let d(g) = -5*g**3 - g**2 + 2*g. Let h be d(2). Let o = -28 - h. Let i(z) = z**2 - 14*z + 28. Let l be i(12). What is the greatest common divisor of l and o?
4
Suppose 12 = -0*v + 3*v - k, -3*v = 3*k. Let r be 4 + (3 - 7) + v. Suppose j + 1 = r. What is the greatest common factor of 3 and j?
1
Suppose 5*b = 3*o - 277, -3*b + 4 = -2*b. Suppose -5*f + 4*j = -71, 0 = -3*j + 8*j + 20. What is the greatest common divisor of o and f?
11
Let p be 6 + (-8)/4 + -1. Suppose -5*j - p = -4*j, -3*j = 4*u - 135. Calculate the highest common divisor of u and 48.
12
Let p(a) = 7*a**2 - 7*a + 158. Let t be p(8). What is the greatest common factor of t and 44?
22
Let z = 111 + -60. Let u = 16 + -13. Suppose u*m + 3*s = 90, 38 = 5*m + 2*s - 124. What is the greatest common divisor of m and z?
17
Suppose 1033 + 659 = 2*m. Calculate the highest common divisor of m and 94.
94
Let l = 35 + -28. Let g(h) = -h**3 + 7*h**2 + 3. Let j be g(l). Calculate the greatest common factor of j and 3.
3
Let h = -29 - -29. Suppose -v - q + 5 = h, -3*v - 3*q = -4*v + 1. Calculate the greatest common divisor of v and 8.
4
Let y = 16 - 13. Let n be (9/(-6))/(y/(-4)). Let i = 1 + n. What is the greatest common divisor of 6 and i?
3
Let a(v) be the first derivative of v**2/2 - v + 8. Let h be a(4). Let j be (-6)/3 - (-11 - 0). What is the greatest common divisor of h and j?
3
Let r = 341 - 325. Calculate the greatest common divisor of r and 256.
16
Suppose 0 = s - 0*s + 4. Let c(u) = -3*u + 0*u + u**2 + 4*u + 5 + u**2. Let n be c(s). What is the greatest common divisor of n and 11?
11
Suppose -6*u = 145 - 229. Suppose -4*n + n + 4*o = -340, 2*o + 2 = 0. Calculate the greatest common divisor of u and n.
14
Suppose -1338 = -2*j - 3*c, 3*j + 2*c - 3113 = -1096. What is the highest common divisor of 81 and j?
27
Let v(a) = -a**2 - 11*a - 9. Let c be v(-11). Let y = c - -14. Suppose 4*g - 5*i - 11 = 3*g, 2*g - 37 = y*i. Calculate the greatest common divisor of g and 65.
13
Suppose y - 5*y + 4 = 0. Let t = y - -7. Let o be (-1 + -2 + 6 - 3) + 12. Calculate the greatest common divisor of o and t.
4
Let x(j) = 7*j**2 + 7 - j**3 + 0*j**3 - 2*j - 4. Let q be x(6). Suppose 66*r - 667 = -73. What is the highest common factor of r and q?
9
Suppose -h + 6*h - 5*u = 90, -4*u = -2*h + 32. Let m(z) = -4*z + 8. Let f be m(-4). Let x be (-1 - -106)*f/18. Calculate the greatest common divisor of x and h.
20
Suppose -3*q - 90 = -3*x, 2*x + 0*x + 3*q = 40. What is the highest common factor of x and 65?
13
Let z = -14 - -12. Let p be 35 + (-1 - z - -2). Let n be p/3 - 2/(-6). Calculate the greatest common factor of 143 and n.
13
Let x(c) = 11*c**2 + 1. Let r be x(-1). Let t be (r/(-10))/(6/(-60)). Let p = -106 - -154. Calculate the highest common divisor of p and t.
12
Let t = 533 + -71. Calculate the highest common factor of t and 84.
42
Suppose -4*z = -z + 795. Let f be 907/(-7) - (-12)/(-28). Let y = f - z. Calculate the highest common divisor of y and 54.
27
Suppose 4*x - 550 = -3*j, 2*j + 907 = 7*j - 3*x. What is the greatest common divisor of j and 14?
14
Let j(s) = -41*s**3 - 7*s - 6. Let l be j(-1). What is the greatest common divisor of 154 and l?
14
Let j = 158 + 22. Suppose 5*c - c - j = 0. Calculate the highest common div